0 - -21. Suppose -p = 2*h - 5*h. Calculate the remainder when h is divided by 16.
15
Suppose 5*b = m - 3*m + 29, 8 = 2*b - m. What is the remainder when 22 is divided by b?
2
Suppose -2*c + 3*g = -30 - 18, -2 = g. Calculate the remainder when 118 is divided by c.
13
Let c = 12 + -7. Suppose 3*d - 78 = 3*i, -d = -0*d + c*i - 44. Suppose -p = -5*p - 5*n + d, p - 2 = -3*n. What is the remainder when 20 is divided by p?
9
Let u = -131 - -147. What is the remainder when 44 is divided by u?
12
Suppose 0 = -3*a + 378 - 999. Let o = a + 295. Calculate the remainder when 12 is divided by (-2)/6 - o/(-12).
5
Let k(h) = h**2 + 6*h - 6. Calculate the remainder when 99 is divided by k(4).
31
Let c be 3*(-1 + (-25)/3). Let d = c - -109. Suppose 24 = 5*f - d. What is the remainder when f is divided by 8?
5
Let o(y) = -y**3 + 5*y**2 + 6*y + 1. Let f be o(6). Let x = 6 - f. Let g(a) = -a**3 + 8*a**2 + 8*a + 11. Calculate the remainder when x is divided by g(9).
1
Let m be (-124)/7 - (-4)/(-14). Let u = m - -48. Calculate the remainder when u is divided by 11.
8
Suppose 4*a - 2*a = 6. Calculate the remainder when a is divided by 3.
0
Suppose 6*q - 4 = 4*q. Suppose -h = -q*h + 4*i + 22, -4*i - 20 = 0. Calculate the remainder when 4 is divided by h.
0
Let t(n) = 2*n**3 - n**2 + 2*n + 1. Suppose -4*z + z + 6 = 0. Suppose -2*s + 30 = 3*s. Calculate the remainder when t(z) is divided by s.
5
Suppose -4*a - 4*j = -a + 1, 3*j = 4*a - 7. Let v = a + 2. Calculate the remainder when 4 is divided by v.
1
Let s = -194 - -279. What is the remainder when s is divided by 22?
19
Suppose 4*b = -2*n + 20, -3*n + 0*n + 5*b = 3. Suppose -4*i + 54 = 10. Calculate the remainder when i is divided by n.
3
Suppose 2*u = -3*s + 29, 4*u - s - 43 - 22 = 0. Calculate the remainder when 43 is divided by u.
11
What is the remainder when 65 is divided by 28/2*((-48)/14 - -6)?
29
Suppose 7 = -5*n - 8. Let a be (0 + 3)*(-5)/n. Suppose 4*f = a*f - 8. Calculate the remainder when 14 is divided by f.
6
Let p = -10 + 23. Let r = 20 - 13. Calculate the remainder when (-16)/(-6)*(r - -2) is divided by p.
11
Suppose -5*p - 8 + 58 = 0. Calculate the remainder when 39 is divided by p.
9
Suppose 4 = 5*j - 26. Calculate the remainder when (-68)/j*(-3)/2 is divided by 6.
5
Suppose -5*j - 4*i = -6*j + 182, -4*j = i - 728. What is the remainder when j is divided by 37?
34
Suppose -2*z + 3*z = 5*x - 11, 0 = -3*z + x - 61. Suppose 3*u - 10 = 2*u. What is the remainder when (z/2)/((-9)/24) is divided by u?
8
Suppose -4*g - 5*c = -240, -3*g + c = -g - 106. Suppose 6*h - h - g = 0. What is the remainder when 30 is divided by h?
8
Let q be (1 - 3) + (-98)/(-7). Suppose -q - 66 = -3*w. What is the remainder when w is divided by 9?
8
Let q(p) = p**2 + 9*p + 15. What is the remainder when q(-8) is divided by 3?
1
Let d(j) = -3*j - 3. Let q(w) = 4*w + 4. Let g(x) = -3*d(x) - 2*q(x). Calculate the remainder when 34 is divided by g(11).
10
Suppose 3*q = q + 6. Suppose -b - q = -2, 5*b - 19 = -4*o. What is the remainder when o is divided by 3?
0
Let j be 8/6*(-6)/4. Let g(i) = -2*i + 1. Calculate the remainder when 18 is divided by g(j).
3
Suppose -4*r + 3*k + 189 = 4*k, -5*k - 21 = -r. What is the remainder when r is divided by 2/(-4) - 98/(-4)?
22
Suppose 4*n - 5*u + 3*u - 238 = 0, 241 = 4*n - 3*u. What is the remainder when n is divided by 15?
13
Let j(d) = -d + 12. Let k be j(6). What is the remainder when k/2 - (-92)/4 is divided by 9?
8
Let m(f) = -3*f**2 - 7*f - 2. Suppose -5*d - 16 - 14 = 0. Let v be m(d). Let s = 106 + v. What is the remainder when s is divided by 13?
12
Suppose -7 = 4*d + 4*n + 13, 14 = -d - 4*n. Let f = 2 + d. Suppose y - 5 = -f*y. What is the remainder when 8 is divided by y?
3
Suppose 2*f - 5*f - 5*z + 16 = 0, -z = -4*f + 29. Suppose -f*m + m = -48. Calculate the remainder when 21 is divided by m.
5
Let o(x) = 8*x - 2. Let d(a) = a**2 + 6*a + 1. Let w be d(-6). What is the remainder when o(w) is divided by 3?
0
Let a = 11 + 3. Suppose -4*m - 10 + 73 = -h, 0 = 2*m - 4*h - a. Calculate the remainder when 50 is divided by m.
16
Suppose -3*f = -5*r + f + 20, -r - 2*f + 4 = 0. Calculate the remainder when 15 is divided by r.
3
Suppose -4 = -4*b - 0*b. What is the remainder when (b - -36)*(0 - -1) is divided by 13?
11
Let j(r) = r**2 + 3*r - 13. Calculate the remainder when 51 is divided by j(5).
24
Let p be (-5)/(-20) - (-3)/(-12). Suppose -3*f + 6*f - g - 30 = 0, -4*g = p. Calculate the remainder when 19 is divided by f.
9
Let l(r) = -r**3 - 6*r**2 - 4*r + 5. Calculate the remainder when 202 is divided by l(-6).
28
Suppose 7*h = 2*h + 35. Suppose -q - 344 + 355 = 0. Calculate the remainder when q is divided by h.
4
Suppose -r + 21 = a, 0 = -a - 0*a - 4*r + 18. Let b(q) = q**2 + 5*q + 2. Calculate the remainder when a is divided by b(-6).
6
Suppose -2*w + k + 20 = -3*k, -26 = -5*w - 2*k. Calculate the remainder when 1/((-2)/22*-1) is divided by w.
5
Let x(k) = -3*k + 6. What is the remainder when 14 is divided by x(0)?
2
Suppose q - 4*o = 33, 2*q - 48 = -0*q - o. Let r = -11 + q. What is the remainder when 27 is divided by r?
13
Suppose -i + 33 = i + 5*o, -4*o = 4*i - 48. Suppose -k + 21 = -2*h, -17 = 2*h - 2*k + i. Let f = h - -16. What is the remainder when 23 is divided by f?
7
Let m = 40 - 25. Let f = m - -3. What is the remainder when 52 is divided by f?
16
Suppose -t - 2*t + 46 = -4*j, 3*j + 84 = 5*t. Calculate the remainder when 382/t - (-6)/(-27) is divided by 11.
10
Suppose -5*w + 35 = -4*t + 5*t, -t = -5. Suppose 4*x + p = 85, 0 = x + 4*p - p - 13. What is the remainder when x is divided by w?
4
Suppose -10 - 25 = -2*l - 5*n, -4*l = 5*n - 55. Suppose 3*x - 80 = -x + 2*u, -4*x + 5*u = -92. Calculate the remainder when x is divided by l.
8
Suppose 2*k - 5*q + 2*q - 59 = 0, 22 = k - 4*q. What is the remainder when k is divided by 12?
10
Let d = 4 + -2. Suppose -11 = -5*t + m + 10, -d*t = -4*m - 12. Calculate the remainder when 46 is divided by t*(-1 - -3)*2.
14
Suppose -2*f + 3*a = 0, 0 = f + 4*f - 3*a - 9. Suppose f*l - 52 = -l. Calculate the remainder when 38 is divided by l.
12
Let g be (3 + -5)/(8/20). Calculate the remainder when 14*(-1 - -2) - 1 is divided by ((-6)/g)/((-12)/(-80)).
5
Let z = -12 + 19. What is the remainder when 13/(2/(-2)*-1) is divided by z?
6
Let i(j) = j**2 - 16*j + 18. Let t be i(15). Suppose 2*h + 2*h - 2*f - 78 = 0, 0 = -h + 4*f + 23. What is the remainder when h is divided by 13 + (-1)/(1/t)?
9
Suppose -15*k = 1 - 121. Calculate the remainder when 39 is divided by k.
7
Calculate the remainder when 2702/56 - 1/4 is divided by 26.
22
What is the remainder when (15/2 - 7)/((-1)/(-92)) is divided by 11?
2
Let w be (-6)/(1*6/(-40)). Let a be w/22 + 12/66. Suppose a*d = -2*d + 92. Calculate the remainder when d is divided by 8.
7
Suppose 0*y - 21*y = -588. Calculate the remainder when y is divided by 15.
13
Let q(a) = 4*a + 9. Calculate the remainder when q(5) is divided by 15.
14
Suppose 5*b = 0, -5*b + 50 = -l + 3*l. Let h(c) = 7*c + 48. What is the remainder when l is divided by h(-5)?
12
Let f = -64 + 111. Let m = 12 + 4. Let c = m - 0. What is the remainder when f is divided by c?
15
Let r(u) = -u**2 + 10*u + 10. Suppose -2*g = -13 - 3. Suppose -9 = -0*w - w. Calculate the remainder when r(g) is divided by w.
8
What is the remainder when 28 is divided by (-316)/(-20) + (-8)/10?
13
Suppose 0 = w - 2*w + 9. Let j = w + 9. Calculate the remainder when 34 is divided by j.
16
Let i(k) = 40*k**3 - k**2 + 3*k - 1. Let d = -13 + 27. What is the remainder when i(1) is divided by d?
13
Let j(k) = 2*k**2 - 2*k - 1. Calculate the remainder when 11 is divided by j(-1).
2
Suppose 4*y + 5*k - 10*k = 62, 3*y - 33 = -3*k. What is the remainder when 25 is divided by y?
12
Suppose 0 = -5*r + 10 + 40. What is the remainder when 14 is divided by r?
4
Suppose -w = -6*w + 95. Suppose 5*c - 7 = 18. Calculate the remainder when w is divided by c.
4
Let v(o) = 8*o**3 - o**2 - o. Let q be 1 + 0 + (-2 - -5). Suppose q*w + 0*l = l + 75, -3*w + 65 = l. Calculate the remainder when v(2) is divided by w.
18
Suppose 0*q + 4*v - 4 = -5*q, 0 = 2*q - v + 1. Suppose -2*s - 4 = q, -4*s = 5*g + s - 110. Calculate the remainder when 46 is divided by g.
22
Let p = 51 + -45. What is the remainder